 in base 2?
100111010110010010010010
-1b06ae (base 15) to base 10
-1317764
What is -1703347 (base 8) in base 10?
-493287
-122122211200 (base 3) to base 15
-6cee6
Convert -1221241303 (base 5) to base 10.
-2915203
What is -916d7 (base 15) in base 7?
-3625501
-51848 (base 14) to base 16
-2ff68
What is 52756 (base 12) in base 9?
174383
Convert -223153003 (base 6) to base 10.
-4073979
1dcb7 (base 16) to base 15
2625e
What is -11a08f (base 16) in base 13?
-315a79
What is -33310767 (base 8) in base 11?
-4065042
1640b (base 12) to base 11
218a0
Convert 11213100032 (base 4) to base 16.
16740e
116506 (base 7) to base 5
1142032
1101242321 (base 5) to base 4
21002033031
-2190732 (base 10) to base 13
-5b91bb
Convert 1011100001010000100 (base 2) to base 8.
1341204
-61679 (base 11) to base 4
-111332011
Convert b63b1 (base 16) to base 15.
eb262
-1222221001 (base 4) to base 5
-102434201
-7373cd (base 16) to base 9
-15211883
64053312 (base 7) to base 16
52c794
Convert 51ab05a (base 12) to base 11.
8772169
Convert -72752 (base 8) to base 12.
-15576
Convert 115a516 (base 13) to base 3.
101002111200002
d584a (base 14) to base 10
514762
1314363 (base 8) to base 15
73a5a
Convert -331612 (base 8) to base 16.
-1b38a
4306216 (base 7) to base 13
1541a1
What is 7487766 (base 9) in base 8?
17240645
950267 (base 11) to base 16
173d23
What is -120210000120 (base 3) in base 10?
-310569
-257e4 (base 16) to base 3
-21210122212
What is 1626533 (base 8) in base 5?
110022423
1001110020121120 (base 3) to base 2
111001101011101111010101
Convert 104587 (base 11) to base 2.
101000110010100011
Convert 3332303 (base 5) to base 8.
162125
What is -1243056 (base 7) in base 10?
-161937
467914 (base 12) to base 13
308a07
What is 752ba (base 16) in base 5?
110324210
Convert -10100001100110001 (base 2) to base 15.
-197ac
Convert 1011004423 (base 5) to base 11.
1179343
What is 201332332111 (base 4) in base 14?
127c873
-2535623 (base 9) to base 3
-2121012200210
Convert 324895 (base 11) to base 3.
222100200222
-1150d (base 14) to base 9
-63736
What is a6c656 (base 13) in base 9?
7321813
Convert 11200203 (base 7) to base 6.
32521243
Convert -129304 (base 11) to base 3.
-101022000122
Convert 1110010111011101000 (base 2) to base 15.
94740
-513c3 (base 13) to base 9
-241733
Convert a757b5 (base 12) to base 8.
12052471
What is -1011221221220 (base 3) in base 6?
-21252253
What is -98b36b (base 14) in base 7?
-62005664
What is 887655 (base 9) in base 6?
15212035
Convert -10622053 (base 8) to base 4.
-20302100223
280d82 (base 15) to base 3
10121220001212
Convert -102220000100 (base 3) to base 5.
-24442033
221212122000 (base 3) to base 13
14aa80
Convert 70509 (base 12) to base 10.
145881
3505944 (base 11) to base 8
27300162
Convert 1120201121210 (base 3) to base 7.
10101603
What is 34604 (base 9) in base 13?
a681
10220002110 (base 3) to base 11
52617
What is -5836 (base 12) in base 10?
-9834
What is 417720 (base 8) in base 9?
231864
Convert -5a7b0 (base 12) to base 11.
-83810
What is -450345 (base 7) in base 10?
-79413
170108 (base 10) to base 7
1305641
288975 (base 12) to base 16
a5b69
Convert -2720c3 (base 14) to base 16.
-149a4b
Convert 1130050 (base 6) to base 11.
3a926
101011110001111001 (base 2) to base 16
2bc79
-5583378 (base 9) to base 2
-1011011110001111001111
Convert -1110023301 (base 4) to base 15.
-6c27c
What is 4c0427 (base 15) in base 2?
1101111010000111110001
What is 335677 (base 10) in base 8?
1217475
7353667 (base 8) to base 10
1955767
What is 20033031 (base 5) in base 15?
31e7b
What is -1003141104 (base 5) in base 7?
-23022516
-2210022112000 (base 3) to base 9
-2708460
-2708374 (base 9) to base 12
-5b5a27
What is 418771 (base 9) in base 7?
2055406
Convert 11001110000000101 (base 2) to base 3.
12100200120
-11e3c4 (base 16) to base 5
-300004140
6200644 (base 9) to base 13
8ba485
Convert -111001001011001 (base 2) to base 14.
-a94d
What is 436024 (base 10) in base 14?
b4c88
-450a7 (base 14) to base 7
-1265300
Convert -295c5 (base 15) to base 2.
-100000011101000111
2155330 (base 6) to base 4
122203212
What is 12041032 (base 5) in base 7?
644403
-604260 (base 7) to base 10
-102354
Convert 513552454 (base 6) to base 13.
1ab4758
-1b479 (base 15) to base 12
-43450
1300332030 (base 4) to base 3
212111202020
What is -201022303 (base 4) in base 16?
-212b3
What is -21340221 (base 5) in base 9?
-310124
-243234331 (base 5) to base 2
-100011000100110011101
13103001 (base 5) to base 16
1f5f5
What is 15315110 (base 7) in base 4?
11212000031
Convert -263c1c (base 13) to base 5.
-214010341
-4243196 (base 10) to base 7
-51031556
What is -141432251 (base 7) in base 12?
-3122115
-1c1c23 (base 16) to base 15
-265c91
Convert c6982 (base 14) to base 2.
1110101000001100110
What is d0ad (base 16) in base 14?
1567b
Convert 1222120103 (base 4) to base 16.
6a613
What is 1878a4 (base 11) in base 3?
112122212002
-35534120 (base 6) to base 16
-110a60
-10211121002221 (base 3) to base 2
-111110001110100110100
What is -36034521 (base 7) in base 12?
-1097466
59ab8a (base 12) to base 13
3b9b57
-13701536 (base 8) to base 14
-5b0abc
Convert -16587138 (base 10) to base 7.
-260663001
Convert 12111101220011 (base 3) to base 4.
23021021002
What is 20042214 (base 5) in base 11?
a955a
-11663 (base 16) to base 6
-1305535
1011002103 (base 4) to base 5
33022041
Convert 1010110111111011 (base 2) to base 16.
adfb
-2600a (base 16) to base 7
-1215546
Convert 2736548 (base 11) to base 5.
2202114140
-dd43 (base 16) to base 6
-1114123
Convert 20022130 (base 6) to base 5.
121003300
What is 11044005 (base 8) in base 5?
1102041413
Convert 1381c (base 13) to base 3.
1212002221
1893b3b (base 13) to base 7
125350264
What is 11210202122 (base 3) in base 8?
270606
Convert 7687732 (base 10) to base 5.
3432001412
Convert cb7d (base 16) to base 5.
3131333
What is 16341050 (base 7) in base 6?
54024212
What is 12200213113 (base 4) in base 9?
3180731
What is -565a49 (base 14) in base 5?
-1222412421
What is 1002022002120 (base 3) in base 11?
364320
681a24 (base 13) to base 3
11121222201011
What is 66135 (base 10) in base 6?
1230103
2030121323 (base 4) to base 14
10d827
Convert 11101001011100110011 (base 2) to base 4.
3221130303
What is 56468 (base 11) in base 3?
11011010202
What is -11245160 (base 7) in base 6?
-33045452
Convert 2b2c17 (base 14) to base 8.
5575445
Convert 23103 (base 14) to base 13.
2ca69
Convert 7762757 (base 8) to base 11.
11a8676
Convert -102221232123 (base 4) to base 13.
-10226c4
Convert -322203201200 (base 4) to base 13.
-3245972
3342145 (base 6) to base 9
276712
1011100202200 (base 3) to base 9
1140680
Convert -11031323133 (base 4) to base 5.
-322232100
101213120012 (base 4) to base 8
21473006
Convert 223a87 (base 11) to base 16.
5714a
What is -3713a5 (base 14) in base 5?
-440321421
Convert 215053345 (base 6) to base 9.
7262862
Convert -457311 (base 9) to base 14.
-71dad
What is 1001001000100111000100 (base 2) in base 11?
1396087
What is 52d00 (base 16) in base 13?
bb514
Convert 10034835 (base 9) to base 6.
251003052
-153404240 (base 6) to base 9
-6104876
-171366 (base 11) to base 6
-5404132
Convert -2120001211222 (base 3) to base 8.
-5137164
2124412 (base 5) to base 8
106610
Convert 976499 (base 10) to base 11.
607727
-6834a (base 16) to base 7
-3425251
Convert 218114 (base 10) to base 7.
1565621
Convert 203210023113 (base 4) to base 8.
43441327
Convert 5a2cb1 (base 16) to base 12.
1b8bb55
What is 26661 (base 13) in base 9?
117840
10434020301 (base 5) to base 7
200551665
Convert -4ba30 (base 14) to base 2.
-101101010111111010
What is 101000001010001011 (base 2) in base 8?
501213
52831 (base 10) to base 4
30321133
What is -59063 (base 10) in base 16?
-e6b7
What is 11aa124 (base 13) in base 5?
2402142011
-5a3db (base 15) to base 16
-4640c
28c95 (base 16) to base 12
80819
-1324c2 (base 15) to base 3
-1201200202002
Convert 984320 (base 10) to base 13.
28604c
What is -19970a (base 12) in base 7?
-3561601
What is da68 (base 14) in base 5?
2201344
What is 14a76 (base 13) in base 10?
39136
-111020112021 (base 3) to base 2
-111111101000011110
Convert -6b55da (base 15) to base 7.
-61421101
Convert -2dd04 (base 15) to base 16.
-24256
1b3831 (base 13) to base 9
1266206
3530514 (base 6) to base 14
4a942
Convert -1011000100101101 (base 2) to 